{"id":111,"date":"2019-01-08T13:58:42","date_gmt":"2019-01-08T13:58:42","guid":{"rendered":"http:\/\/www.fultek.com.tr\/magaza\/?page_id=111"},"modified":"2019-06-02T12:24:16","modified_gmt":"2019-06-02T09:24:16","slug":"bizimle-iletisim-kurun","status":"publish","type":"page","link":"https:\/\/www.fultek.com.tr\/magaza\/bizimle-iletisim-kurun\/","title":{"rendered":"Bizimle \u0130leti\u015fim Kurun"},"content":{"rendered":"<p>M\u00fc\u015fterilerimizin t\u00fcm g\u00f6nderilerini yan\u0131tl\u0131yor ve sizden en k\u0131sa s\u00fcrede haber almay\u0131 umuyoruz!<\/p>\n<p><strong>Fultek Kontrol Sistemleri San.Tic.Ltd.\u015eti.<\/strong><\/p>\n<p><strong>E-mail:<\/strong>\u00a0<a href=\"mailto:sales@fultek.com.tr\">sales@fultek.com.tr<br \/>\n<\/a><strong>Tel:<\/strong> +90 212 871 01 28<br \/>\n<strong>Adres:<\/strong>\u00a0B\u00fcy\u00fck\u015fehir mah. Cumhuriyet cad. No:1 Ekinoks Rezidans E2 Blok K:2 D:8 34520 Beylikd\u00fcz\u00fc \/ \u0130stanbul \/ T\u00fcrkiye<\/p>\n<p><strong>V.D:<\/strong>\u00a0Beylikd\u00fcz\u00fc<br \/>\n<strong>Vergi No:<\/strong>\u00a0388 0507 179<\/p>\n<h3><strong>\u00d6deme bilgileri:<\/strong><\/h3>\n<p><strong>T\u00fcrk Liras\u0131 Hesaplar\u0131:<\/strong><br \/>\nYap\u0131 Kredi Bankas\u0131 A.\u015e Firuzk\u00f6y \u015eubesi(\u015eube Kodu = 1093) Hesap No: 72466821 IBAN: TR29 0006 7010 0000 0072 4668 21<br \/>\nT.C Garanti Bankas\u0131 A.\u015e Perpa \u015fubesi(\u015eube Kodu = 459) Hesap No: 6297724 IBAN: TR15 0006 2000 4590 0006 2977 24<\/p>\n<noscript class=\"ninja-forms-noscript-message\">\n\tBildirim: Bu i\u00e7erik i\u00e7in bir JavaScript gereklidir.<\/noscript>\n<div id=\"nf-form-1-cont\" class=\"nf-form-cont\" aria-live=\"polite\" aria-labelledby=\"nf-form-title-1\" aria-describedby=\"nf-form-errors-1\" role=\"form\">\n\n    <div class=\"nf-loading-spinner\"><\/div>\n\n<\/div>\n        <!-- That data is being printed as a workaround to page builders reordering the order of the scripts loaded-->\n        <script>var formDisplay=1;var nfForms=nfForms||[];var form=[];form.id='1';form.settings={\"objectType\":\"Form Setting\",\"editActive\":true,\"title\":\"A\\u015fa\\u011f\\u0131daki formu kullanarak bizimle ileti\\u015fim kurabilirsiniz.\",\"key\":\"\",\"created_at\":\"2019-01-08 13:58:09\",\"default_label_pos\":\"above\",\"conditions\":[],\"show_title\":1,\"clear_complete\":\"1\",\"hide_complete\":\"1\",\"wrapper_class\":\"\",\"element_class\":\"\",\"add_submit\":\"1\",\"logged_in\":\"\",\"not_logged_in_msg\":\"\",\"sub_limit_number\":\"\",\"sub_limit_msg\":\"\",\"calculations\":[],\"formContentData\":[\"name_1547032702826\",\"email_1547032718295\",\"message_1547032742037\",\"submit_1547032756999\"],\"container_styles_background-color\":\"\",\"container_styles_border\":\"\",\"container_styles_border-style\":\"\",\"container_styles_border-color\":\"\",\"container_styles_color\":\"\",\"container_styles_height\":\"\",\"container_styles_width\":\"\",\"container_styles_font-size\":\"\",\"container_styles_margin\":\"\",\"container_styles_padding\":\"\",\"container_styles_display\":\"\",\"container_styles_float\":\"\",\"container_styles_show_advanced_css\":\"0\",\"container_styles_advanced\":\"\",\"title_styles_background-color\":\"\",\"title_styles_border\":\"\",\"title_styles_border-style\":\"\",\"title_styles_border-color\":\"\",\"title_styles_color\":\"\",\"title_styles_height\":\"\",\"title_styles_width\":\"\",\"title_styles_font-size\":\"\",\"title_styles_margin\":\"\",\"title_styles_padding\":\"\",\"title_styles_display\":\"\",\"title_styles_float\":\"\",\"title_styles_show_advanced_css\":\"0\",\"title_styles_advanced\":\"\",\"row_styles_background-color\":\"\",\"row_styles_border\":\"\",\"row_styles_border-style\":\"\",\"row_styles_border-color\":\"\",\"row_styles_color\":\"\",\"row_styles_height\":\"\",\"row_styles_width\":\"\",\"row_styles_font-size\":\"\",\"row_styles_margin\":\"\",\"row_styles_padding\":\"\",\"row_styles_display\":\"\",\"row_styles_show_advanced_css\":\"0\",\"row_styles_advanced\":\"\",\"row-odd_styles_background-color\":\"\",\"row-odd_styles_border\":\"\",\"row-odd_styles_border-style\":\"\",\"row-odd_styles_border-color\":\"\",\"row-odd_styles_color\":\"\",\"row-odd_styles_height\":\"\",\"row-odd_styles_width\":\"\",\"row-odd_styles_font-size\":\"\",\"row-odd_styles_margin\":\"\",\"row-odd_styles_padding\":\"\",\"row-odd_styles_display\":\"\",\"row-odd_styles_show_advanced_css\":\"0\",\"row-odd_styles_advanced\":\"\",\"success-msg_styles_background-color\":\"\",\"success-msg_styles_border\":\"\",\"success-msg_styles_border-style\":\"\",\"success-msg_styles_border-color\":\"\",\"success-msg_styles_color\":\"\",\"success-msg_styles_height\":\"\",\"success-msg_styles_width\":\"\",\"success-msg_styles_font-size\":\"\",\"success-msg_styles_margin\":\"\",\"success-msg_styles_padding\":\"\",\"success-msg_styles_display\":\"\",\"success-msg_styles_show_advanced_css\":\"0\",\"success-msg_styles_advanced\":\"\",\"error_msg_styles_background-color\":\"\",\"error_msg_styles_border\":\"\",\"error_msg_styles_border-style\":\"\",\"error_msg_styles_border-color\":\"\",\"error_msg_styles_color\":\"\",\"error_msg_styles_height\":\"\",\"error_msg_styles_width\":\"\",\"error_msg_styles_font-size\":\"\",\"error_msg_styles_margin\":\"\",\"error_msg_styles_padding\":\"\",\"error_msg_styles_display\":\"\",\"error_msg_styles_show_advanced_css\":\"0\",\"error_msg_styles_advanced\":\"\",\"currency\":\"\",\"unique_field_error\":\"A form with this value has already been submitted.\",\"drawerDisabled\":false,\"ninjaForms\":\"Ninja Forms\",\"changeEmailErrorMsg\":\"L\\u00fctfen ge\\u00e7erli bir e-posta adresi girin!\",\"changeDateErrorMsg\":\"Please enter a valid date!\",\"confirmFieldErrorMsg\":\"Bu alanlar e\\u015fle\\u015fmelidir!\",\"fieldNumberNumMinError\":\"Minimum Say\\u0131 Hatas\\u0131\",\"fieldNumberNumMaxError\":\"Maksimum Say\\u0131 Hatas\\u0131\",\"fieldNumberIncrementBy\":\"L\\u00fctfen \\u015funa g\\u00f6re art\\u0131r\\u0131n: \",\"fieldTextareaRTEInsertLink\":\"Ba\\u011flant\\u0131 Yerle\\u015ftir\",\"fieldTextareaRTEInsertMedia\":\"Medya Yerle\\u015ftir\",\"fieldTextareaRTESelectAFile\":\"Dosya se\\u00e7in\",\"tableInsertRowAbove\":\"Insert Row Above\",\"tableInsertRowBelow\":\"Insert Row Below\",\"tableInsertColumnLeft\":\"Insert Column Left\",\"tableInsertColumnRight\":\"Insert Column Right\",\"tableDeleteRow\":\"Delete Row\",\"tableDeleteColumn\":\"Delete Column\",\"tableDeleteTable\":\"Delete Table\",\"tableLegacyNotice\":\"This content has tables in the old editor format. Custom styles are preserved until converted. Editing will update to the new format.\",\"tableLegacyConvert\":\"Convert Now\",\"tableInsertTable\":\"Insert Table\",\"dismiss\":\"Kapat\",\"insertLink\":\"Ba\\u011flant\\u0131 Yerle\\u015ftir\",\"formErrorsCorrectErrors\":\"L\\u00fctfen bu formu g\\u00f6ndermeden \\u00f6nce hatalar\\u0131 d\\u00fczeltin.\",\"formHoneypot\":\"Bir insan olarak bu alan\\u0131 g\\u00f6rebiliyorsan\\u0131z, l\\u00fctfen bo\\u015f b\\u0131rak\\u0131n.\",\"validateRequiredField\":\"Bu zorunlu bir aland\\u0131r.\",\"honeypotHoneypotError\":\"Honeypot Hatas\\u0131\",\"fileUploadOldCodeFileUploadInProgress\":\"Dosya Y\\u00fckleme \\u0130\\u015flemi Devam Ediyor.\",\"fileUploadOldCodeFileUpload\":\"DOSYA Y\\u00dcKLEME\",\"currencySymbol\":\"$\",\"fieldsMarkedRequired\":\"<span class=\\\"ninja-forms-req-symbol\\\">*<\\\/span> i\\u015fareti olan alanlar zorunludur\",\"thousands_sep\":\".\",\"decimal_point\":\",\",\"siteLocale\":\"tr_TR\",\"dateFormat\":\"d\\\/m\\\/Y\",\"startOfWeek\":\"1\",\"of\":\"\\\/\",\"previousMonth\":\"Previous Month\",\"nextMonth\":\"Next Month\",\"months\":[\"January\",\"February\",\"March\",\"April\",\"May\",\"June\",\"July\",\"August\",\"September\",\"October\",\"November\",\"December\"],\"monthsShort\":[\"Jan\",\"Feb\",\"Mar\",\"Apr\",\"May\",\"Jun\",\"Jul\",\"Aug\",\"Sep\",\"Oct\",\"Nov\",\"Dec\"],\"weekdays\":[\"Sunday\",\"Monday\",\"Tuesday\",\"Wednesday\",\"Thursday\",\"Friday\",\"Saturday\"],\"weekdaysShort\":[\"Sun\",\"Mon\",\"Tue\",\"Wed\",\"Thu\",\"Fri\",\"Sat\"],\"weekdaysMin\":[\"Su\",\"Mo\",\"Tu\",\"We\",\"Th\",\"Fr\",\"Sa\"],\"recaptchaConsentMissing\":\"reCaptcha validation couldn&#039;t load.\",\"recaptchaMissingCookie\":\"reCaptcha v3 validation couldn&#039;t load the cookie needed to submit the form.\",\"recaptchaConsentEvent\":\"Accept reCaptcha cookies before sending the form.\",\"embed_form\":\"\",\"currency_symbol\":\"\",\"beforeForm\":\"\",\"beforeFields\":\"\",\"afterFields\":\"\",\"afterForm\":\"\"};form.fields=[{\"objectType\":\"Field\",\"objectDomain\":\"fields\",\"editActive\":false,\"order\":999,\"type\":\"textbox\",\"label\":\"Name\",\"key\":\"name_1547032702826\",\"label_pos\":\"above\",\"required\":1,\"default\":\"{wp:user_display_name}\",\"placeholder\":\"\",\"container_class\":\"\",\"element_class\":\"\",\"input_limit\":\"\",\"input_limit_type\":\"characters\",\"input_limit_msg\":\"Kalan karakterler\",\"manual_key\":false,\"admin_label\":\"\",\"help_text\":\"\",\"mask\":\"\",\"custom_mask\":\"\",\"custom_name_attribute\":\"\",\"personally_identifiable\":\"\",\"drawerDisabled\":false,\"id\":5,\"beforeField\":\"\",\"afterField\":\"\",\"value\":\"\",\"parentType\":\"textbox\",\"element_templates\":[\"textbox\",\"input\"],\"old_classname\":\"\",\"wrap_template\":\"wrap\"},{\"objectType\":\"Field\",\"objectDomain\":\"fields\",\"editActive\":false,\"order\":999,\"type\":\"email\",\"label\":\"E-Posta\",\"key\":\"email_1547032718295\",\"label_pos\":\"above\",\"required\":1,\"default\":\"{wp:user_email}\",\"placeholder\":\"\",\"container_class\":\"\",\"element_class\":\"\",\"admin_label\":\"\",\"help_text\":\"\",\"custom_name_attribute\":\"email\",\"personally_identifiable\":1,\"drawerDisabled\":false,\"id\":6,\"beforeField\":\"\",\"afterField\":\"\",\"value\":\"\",\"parentType\":\"email\",\"element_templates\":[\"email\",\"input\"],\"old_classname\":\"\",\"wrap_template\":\"wrap\"},{\"objectType\":\"Field\",\"objectDomain\":\"fields\",\"editActive\":false,\"order\":999,\"type\":\"textarea\",\"label\":\"Message\",\"key\":\"message_1547032742037\",\"label_pos\":\"above\",\"required\":1,\"default\":\"\",\"placeholder\":\"\",\"container_class\":\"\",\"element_class\":\"\",\"input_limit\":\"\",\"input_limit_type\":\"characters\",\"input_limit_msg\":\"Kalan karakterler\",\"manual_key\":false,\"admin_label\":\"\",\"help_text\":\"\",\"textarea_rte\":\"\",\"disable_rte_mobile\":\"\",\"textarea_media\":\"\",\"drawerDisabled\":false,\"id\":7,\"beforeField\":\"\",\"afterField\":\"\",\"value\":\"\",\"parentType\":\"textarea\",\"element_templates\":[\"textarea\",\"input\"],\"old_classname\":\"\",\"wrap_template\":\"wrap\"},{\"objectType\":\"Field\",\"objectDomain\":\"fields\",\"editActive\":false,\"order\":999,\"type\":\"submit\",\"label\":\"G\\u00f6nder\",\"processing_label\":\"\\u0130\\u015fleniyor\",\"container_class\":\"\",\"element_class\":\"\",\"key\":\"submit_1547032756999\",\"drawerDisabled\":false,\"id\":8,\"beforeField\":\"\",\"afterField\":\"\",\"value\":\"\",\"label_pos\":\"above\",\"parentType\":\"textbox\",\"element_templates\":[\"submit\",\"button\",\"input\"],\"old_classname\":\"\",\"wrap_template\":\"wrap-no-label\"}];nfForms.push(form);<\/script>\n        \n","protected":false},"excerpt":{"rendered":"<p>M\u00fc\u015fterilerimizin t\u00fcm g\u00f6nderilerini yan\u0131tl\u0131yor ve sizden en k\u0131sa s\u00fcrede haber almay\u0131 umuyoruz! Fultek Kontrol Sistemleri San.Tic.Ltd.\u015eti. E-mail:\u00a0sales@fultek.com.tr Tel: +90 212 871 01 28 Adres:\u00a0B\u00fcy\u00fck\u015fehir mah. Cumhuriyet cad. No:1 Ekinoks Rezidans E2 Blok K:2 D:8 34520 Beylikd\u00fcz\u00fc \/ \u0130stanbul \/ T\u00fcrkiye V.D:\u00a0Beylikd\u00fcz\u00fc Vergi No:\u00a0388 0507 179 \u00d6deme bilgileri: T\u00fcrk Liras\u0131 Hesaplar\u0131: Yap\u0131 Kredi Bankas\u0131 A.\u015e Firuzk\u00f6y \u015eubesi(\u015eube Kodu = 1093) Hesap No: 72466821 IBAN: TR29 0006 7010 0000 0072 4668 21 T.C Garanti Bankas\u0131 A.\u015e Perpa \u015fubesi(\u015eube Kodu = 459) Hesap No: 6297724 IBAN: TR15 0006 2000 4590 0006 2977 24<\/p>\n","protected":false},"author":2,"featured_media":0,"parent":0,"menu_order":0,"comment_status":"closed","ping_status":"closed","template":"","meta":{"footnotes":""},"class_list":["post-111","page","type-page","status-publish","hentry"],"yoast_head":"<!-- This site is optimized with the Yoast SEO plugin v27.6 - https:\/\/yoast.com\/product\/yoast-seo-wordpress\/ -->\n<title>Bizimle \u0130leti\u015fim Kurun - FULTEK Market<\/title>\n<meta name=\"robots\" content=\"index, follow, max-snippet:-1, max-image-preview:large, max-video-preview:-1\" \/>\n<link rel=\"canonical\" href=\"https:\/\/www.fultek.com.tr\/magaza\/bizimle-iletisim-kurun\/\" \/>\n<meta property=\"og:locale\" content=\"tr_TR\" \/>\n<meta property=\"og:type\" content=\"article\" \/>\n<meta property=\"og:title\" content=\"Bizimle \u0130leti\u015fim Kurun - FULTEK Market\" \/>\n<meta property=\"og:description\" content=\"M\u00fc\u015fterilerimizin t\u00fcm g\u00f6nderilerini yan\u0131tl\u0131yor ve sizden en k\u0131sa s\u00fcrede haber almay\u0131 umuyoruz! Fultek Kontrol Sistemleri San.Tic.Ltd.\u015eti. E-mail:\u00a0sales@fultek.com.tr Tel: +90 212 871 01 28 Adres:\u00a0B\u00fcy\u00fck\u015fehir mah. Cumhuriyet cad. No:1 Ekinoks Rezidans E2 Blok K:2 D:8 34520 Beylikd\u00fcz\u00fc \/ \u0130stanbul \/ T\u00fcrkiye V.D:\u00a0Beylikd\u00fcz\u00fc Vergi No:\u00a0388 0507 179 \u00d6deme bilgileri: T\u00fcrk Liras\u0131 Hesaplar\u0131: Yap\u0131 Kredi Bankas\u0131 A.\u015e Firuzk\u00f6y \u015eubesi(\u015eube Kodu = 1093) Hesap No: 72466821 IBAN: TR29 0006 7010 0000 0072 4668 21 T.C Garanti Bankas\u0131 A.\u015e Perpa \u015fubesi(\u015eube Kodu = 459) Hesap No: 6297724 IBAN: TR15 0006 2000 4590 0006 2977 24\" \/>\n<meta property=\"og:url\" content=\"https:\/\/www.fultek.com.tr\/magaza\/bizimle-iletisim-kurun\/\" \/>\n<meta property=\"og:site_name\" content=\"FULTEK Market\" \/>\n<meta property=\"article:modified_time\" content=\"2019-06-02T09:24:16+00:00\" \/>\n<meta name=\"twitter:card\" content=\"summary_large_image\" \/>\n<script type=\"application\/ld+json\" class=\"yoast-schema-graph\">{\"@context\":\"https:\\\/\\\/schema.org\",\"@graph\":[{\"@type\":\"WebPage\",\"@id\":\"https:\\\/\\\/www.fultek.com.tr\\\/magaza\\\/bizimle-iletisim-kurun\\\/\",\"url\":\"https:\\\/\\\/www.fultek.com.tr\\\/magaza\\\/bizimle-iletisim-kurun\\\/\",\"name\":\"Bizimle \u0130leti\u015fim Kurun - FULTEK Market\",\"isPartOf\":{\"@id\":\"https:\\\/\\\/www.fultek.com.tr\\\/magaza\\\/#website\"},\"datePublished\":\"2019-01-08T13:58:42+00:00\",\"dateModified\":\"2019-06-02T09:24:16+00:00\",\"breadcrumb\":{\"@id\":\"https:\\\/\\\/www.fultek.com.tr\\\/magaza\\\/bizimle-iletisim-kurun\\\/#breadcrumb\"},\"inLanguage\":\"tr\",\"potentialAction\":[{\"@type\":\"ReadAction\",\"target\":[\"https:\\\/\\\/www.fultek.com.tr\\\/magaza\\\/bizimle-iletisim-kurun\\\/\"]}]},{\"@type\":\"BreadcrumbList\",\"@id\":\"https:\\\/\\\/www.fultek.com.tr\\\/magaza\\\/bizimle-iletisim-kurun\\\/#breadcrumb\",\"itemListElement\":[{\"@type\":\"ListItem\",\"position\":1,\"name\":\"Ana sayfa\",\"item\":\"https:\\\/\\\/www.fultek.com.tr\\\/magaza\\\/\"},{\"@type\":\"ListItem\",\"position\":2,\"name\":\"Bizimle \u0130leti\u015fim Kurun\"}]},{\"@type\":\"WebSite\",\"@id\":\"https:\\\/\\\/www.fultek.com.tr\\\/magaza\\\/#website\",\"url\":\"https:\\\/\\\/www.fultek.com.tr\\\/magaza\\\/\",\"name\":\"FULTEK Market\",\"description\":\"Yerli SCADA PLC \u00dcr\u00fcnleri\",\"potentialAction\":[{\"@type\":\"SearchAction\",\"target\":{\"@type\":\"EntryPoint\",\"urlTemplate\":\"https:\\\/\\\/www.fultek.com.tr\\\/magaza\\\/?s={search_term_string}\"},\"query-input\":{\"@type\":\"PropertyValueSpecification\",\"valueRequired\":true,\"valueName\":\"search_term_string\"}}],\"inLanguage\":\"tr\"}]}<\/script>\n<!-- \/ Yoast SEO plugin. -->","yoast_head_json":{"title":"Bizimle \u0130leti\u015fim Kurun - FULTEK Market","robots":{"index":"index","follow":"follow","max-snippet":"max-snippet:-1","max-image-preview":"max-image-preview:large","max-video-preview":"max-video-preview:-1"},"canonical":"https:\/\/www.fultek.com.tr\/magaza\/bizimle-iletisim-kurun\/","og_locale":"tr_TR","og_type":"article","og_title":"Bizimle \u0130leti\u015fim Kurun - FULTEK Market","og_description":"M\u00fc\u015fterilerimizin t\u00fcm g\u00f6nderilerini yan\u0131tl\u0131yor ve sizden en k\u0131sa s\u00fcrede haber almay\u0131 umuyoruz! Fultek Kontrol Sistemleri San.Tic.Ltd.\u015eti. E-mail:\u00a0sales@fultek.com.tr Tel: +90 212 871 01 28 Adres:\u00a0B\u00fcy\u00fck\u015fehir mah. Cumhuriyet cad. No:1 Ekinoks Rezidans E2 Blok K:2 D:8 34520 Beylikd\u00fcz\u00fc \/ \u0130stanbul \/ T\u00fcrkiye V.D:\u00a0Beylikd\u00fcz\u00fc Vergi No:\u00a0388 0507 179 \u00d6deme bilgileri: T\u00fcrk Liras\u0131 Hesaplar\u0131: Yap\u0131 Kredi Bankas\u0131 A.\u015e Firuzk\u00f6y \u015eubesi(\u015eube Kodu = 1093) Hesap No: 72466821 IBAN: TR29 0006 7010 0000 0072 4668 21 T.C Garanti Bankas\u0131 A.\u015e Perpa \u015fubesi(\u015eube Kodu = 459) Hesap No: 6297724 IBAN: TR15 0006 2000 4590 0006 2977 24","og_url":"https:\/\/www.fultek.com.tr\/magaza\/bizimle-iletisim-kurun\/","og_site_name":"FULTEK Market","article_modified_time":"2019-06-02T09:24:16+00:00","twitter_card":"summary_large_image","schema":{"@context":"https:\/\/schema.org","@graph":[{"@type":"WebPage","@id":"https:\/\/www.fultek.com.tr\/magaza\/bizimle-iletisim-kurun\/","url":"https:\/\/www.fultek.com.tr\/magaza\/bizimle-iletisim-kurun\/","name":"Bizimle \u0130leti\u015fim Kurun - FULTEK Market","isPartOf":{"@id":"https:\/\/www.fultek.com.tr\/magaza\/#website"},"datePublished":"2019-01-08T13:58:42+00:00","dateModified":"2019-06-02T09:24:16+00:00","breadcrumb":{"@id":"https:\/\/www.fultek.com.tr\/magaza\/bizimle-iletisim-kurun\/#breadcrumb"},"inLanguage":"tr","potentialAction":[{"@type":"ReadAction","target":["https:\/\/www.fultek.com.tr\/magaza\/bizimle-iletisim-kurun\/"]}]},{"@type":"BreadcrumbList","@id":"https:\/\/www.fultek.com.tr\/magaza\/bizimle-iletisim-kurun\/#breadcrumb","itemListElement":[{"@type":"ListItem","position":1,"name":"Ana sayfa","item":"https:\/\/www.fultek.com.tr\/magaza\/"},{"@type":"ListItem","position":2,"name":"Bizimle \u0130leti\u015fim Kurun"}]},{"@type":"WebSite","@id":"https:\/\/www.fultek.com.tr\/magaza\/#website","url":"https:\/\/www.fultek.com.tr\/magaza\/","name":"FULTEK Market","description":"Yerli SCADA PLC \u00dcr\u00fcnleri","potentialAction":[{"@type":"SearchAction","target":{"@type":"EntryPoint","urlTemplate":"https:\/\/www.fultek.com.tr\/magaza\/?s={search_term_string}"},"query-input":{"@type":"PropertyValueSpecification","valueRequired":true,"valueName":"search_term_string"}}],"inLanguage":"tr"}]}},"_links":{"self":[{"href":"https:\/\/www.fultek.com.tr\/magaza\/wp-json\/wp\/v2\/pages\/111","targetHints":{"allow":["GET"]}}],"collection":[{"href":"https:\/\/www.fultek.com.tr\/magaza\/wp-json\/wp\/v2\/pages"}],"about":[{"href":"https:\/\/www.fultek.com.tr\/magaza\/wp-json\/wp\/v2\/types\/page"}],"author":[{"embeddable":true,"href":"https:\/\/www.fultek.com.tr\/magaza\/wp-json\/wp\/v2\/users\/2"}],"replies":[{"embeddable":true,"href":"https:\/\/www.fultek.com.tr\/magaza\/wp-json\/wp\/v2\/comments?post=111"}],"version-history":[{"count":3,"href":"https:\/\/www.fultek.com.tr\/magaza\/wp-json\/wp\/v2\/pages\/111\/revisions"}],"predecessor-version":[{"id":706,"href":"https:\/\/www.fultek.com.tr\/magaza\/wp-json\/wp\/v2\/pages\/111\/revisions\/706"}],"wp:attachment":[{"href":"https:\/\/www.fultek.com.tr\/magaza\/wp-json\/wp\/v2\/media?parent=111"}],"curies":[{"name":"wp","href":"https:\/\/api.w.org\/{rel}","templated":true}]}}