{"id":310,"date":"2019-01-09T09:14:49","date_gmt":"2019-01-09T09:14:49","guid":{"rendered":"http:\/\/www.fultek.com.tr\/magaza\/?post_type=product&#038;p=310"},"modified":"2024-04-30T16:54:29","modified_gmt":"2024-04-30T13:54:29","slug":"plc-cpu-200f-sc-20808-20-00","status":"publish","type":"product","link":"https:\/\/www.fultek.com.tr\/magaza\/urun\/plc-cpu-200f-sc-20808-20-00\/","title":{"rendered":"PLC CPU 200F (SC-20808-20-00)"},"content":{"rendered":"<p><strong>PLC CPU 200F (SC-20808-20-00)<\/strong><\/p>\r\n<p><em>CPU 200F PLC<\/em> Mod\u00fcl\u00fcnde;<\/p>\r\n<ul>\r\n<li>115 kB program haf\u0131zas\u0131<\/li>\r\n<li>1 adet 10\/100 Mbit full dublex Ethernet ba\u011flant\u0131s\u0131<\/li>\r\n<li>Modbus TCP<\/li>\r\n<li>1 adet RS485 seri port (Modbus RTU deste\u011fi)<\/li>\r\n<li>512 kB dosya alan\u0131na sahip web server<\/li>\r\n<li>8 adet 200 KHz dijital giri\u015f<\/li>\r\n<li>8 adet 655 KHz 0,1 Amper dijital \u00e7\u0131k\u0131\u015f bulunmaktad\u0131r.<\/li>\r\n<\/ul>\r\n<p>&nbsp;<\/p>\r\n<p><a href=\"http:\/\/www.fultek.com.tr\/magaza\/wp-content\/uploads\/2019\/01\/down_ico.png\"><img loading=\"lazy\" decoding=\"async\" class=\" wp-image-274 alignleft\" src=\"http:\/\/www.fultek.com.tr\/magaza\/wp-content\/uploads\/2019\/01\/down_ico.png\" alt=\"\" width=\"24\" height=\"24\" \/><\/a>Fulmatic 7 Serisi PLC CPU kullan\u0131m k\u0131lavuzunu <a href=\"https:\/\/www.fultek.com.tr\/Download\/PLC_Manual.pdf\" target=\"_blank\" rel=\"noopener noreferrer\">buradan<\/a> indirebilirsiniz.<\/p>\r\n<p><a href=\"http:\/\/www.fultek.com.tr\/magaza\/wp-content\/uploads\/2019\/01\/down_ico.png\"><img loading=\"lazy\" decoding=\"async\" class=\" wp-image-274 alignleft\" src=\"http:\/\/www.fultek.com.tr\/magaza\/wp-content\/uploads\/2019\/01\/down_ico.png\" alt=\"\" width=\"24\" height=\"24\" \/><\/a>PLC CPU 200F Kullan\u0131m k\u0131lavuzunu <a href=\"https:\/\/www.fultek.com.tr\/Download\/cpu200F.pdf\" target=\"_blank\" rel=\"noopener noreferrer\">buradan<\/a>\u00a0indirebilirsiniz.<\/p>\r\n<p><a href=\"http:\/\/www.fultek.com.tr\/magaza\/wp-content\/uploads\/2019\/01\/down_ico.png\"><img loading=\"lazy\" decoding=\"async\" class=\" wp-image-274 alignleft\" src=\"http:\/\/www.fultek.com.tr\/magaza\/wp-content\/uploads\/2019\/01\/down_ico.png\" alt=\"\" width=\"24\" height=\"24\" \/><\/a>Daha ayr\u0131nt\u0131l\u0131 bilgi i\u00e7in <a href=\"https:\/\/www.fultek.com.tr\/plc\/\">PLC Sayfas\u0131<\/a>n\u0131 inceleyiniz.<\/p>\r\n<!-- \/wp:post-content -->","protected":false},"excerpt":{"rendered":"<p>Fulmatic 7- G\u00fcm\u00fc\u015f Serisi PLC<strong> CPU 200F<\/strong> (SC-20808-20-00)<\/p>\n","protected":false},"featured_media":602,"comment_status":"open","ping_status":"closed","template":"","meta":[],"product_brand":[],"product_cat":[31],"product_tag":[],"class_list":{"0":"post-310","1":"product","2":"type-product","3":"status-publish","4":"has-post-thumbnail","6":"product_cat-plc","8":"first","9":"instock","10":"sale","11":"taxable","12":"shipping-taxable","13":"purchasable","14":"product-type-simple"},"yoast_head":"<!-- This site is optimized with the Yoast SEO plugin v27.4 - https:\/\/yoast.com\/product\/yoast-seo-wordpress\/ -->\n<title>PLC CPU 200F (SC-20808-20-00) - FULTEK Market<\/title>\n<meta name=\"robots\" content=\"index, follow, max-snippet:-1, max-image-preview:large, max-video-preview:-1\" \/>\n<link rel=\"canonical\" href=\"https:\/\/www.fultek.com.tr\/magaza\/urun\/plc-cpu-200f-sc-20808-20-00\/\" \/>\n<meta property=\"og:locale\" content=\"tr_TR\" \/>\n<meta property=\"og:type\" content=\"article\" \/>\n<meta property=\"og:title\" content=\"PLC CPU 200F (SC-20808-20-00) - FULTEK Market\" \/>\n<meta property=\"og:description\" content=\"Fulmatic 7- G\u00fcm\u00fc\u015f Serisi PLC CPU 200F (SC-20808-20-00)\" \/>\n<meta property=\"og:url\" content=\"https:\/\/www.fultek.com.tr\/magaza\/urun\/plc-cpu-200f-sc-20808-20-00\/\" \/>\n<meta property=\"og:site_name\" content=\"FULTEK Market\" \/>\n<meta property=\"article:modified_time\" content=\"2024-04-30T13:54:29+00:00\" \/>\n<meta property=\"og:image\" content=\"https:\/\/www.fultek.com.tr\/magaza\/wp-content\/uploads\/2019\/01\/CPU-200F.jpg\" \/>\n\t<meta property=\"og:image:width\" content=\"1200\" \/>\n\t<meta property=\"og:image:height\" content=\"1200\" \/>\n\t<meta property=\"og:image:type\" content=\"image\/jpeg\" \/>\n<meta name=\"twitter:card\" content=\"summary_large_image\" \/>\n<meta name=\"twitter:label1\" content=\"Tahmini okuma s\u00fcresi\" \/>\n\t<meta name=\"twitter:data1\" content=\"2 dakika\" \/>\n<script type=\"application\/ld+json\" class=\"yoast-schema-graph\">{\"@context\":\"https:\\\/\\\/schema.org\",\"@graph\":[{\"@type\":\"WebPage\",\"@id\":\"https:\\\/\\\/www.fultek.com.tr\\\/magaza\\\/urun\\\/plc-cpu-200f-sc-20808-20-00\\\/\",\"url\":\"https:\\\/\\\/www.fultek.com.tr\\\/magaza\\\/urun\\\/plc-cpu-200f-sc-20808-20-00\\\/\",\"name\":\"PLC CPU 200F (SC-20808-20-00) - FULTEK Market\",\"isPartOf\":{\"@id\":\"https:\\\/\\\/www.fultek.com.tr\\\/magaza\\\/#website\"},\"primaryImageOfPage\":{\"@id\":\"https:\\\/\\\/www.fultek.com.tr\\\/magaza\\\/urun\\\/plc-cpu-200f-sc-20808-20-00\\\/#primaryimage\"},\"image\":{\"@id\":\"https:\\\/\\\/www.fultek.com.tr\\\/magaza\\\/urun\\\/plc-cpu-200f-sc-20808-20-00\\\/#primaryimage\"},\"thumbnailUrl\":\"https:\\\/\\\/www.fultek.com.tr\\\/magaza\\\/wp-content\\\/uploads\\\/2019\\\/01\\\/CPU-200F.jpg\",\"datePublished\":\"2019-01-09T09:14:49+00:00\",\"dateModified\":\"2024-04-30T13:54:29+00:00\",\"breadcrumb\":{\"@id\":\"https:\\\/\\\/www.fultek.com.tr\\\/magaza\\\/urun\\\/plc-cpu-200f-sc-20808-20-00\\\/#breadcrumb\"},\"inLanguage\":\"tr\",\"potentialAction\":[{\"@type\":\"ReadAction\",\"target\":[\"https:\\\/\\\/www.fultek.com.tr\\\/magaza\\\/urun\\\/plc-cpu-200f-sc-20808-20-00\\\/\"]}]},{\"@type\":\"ImageObject\",\"inLanguage\":\"tr\",\"@id\":\"https:\\\/\\\/www.fultek.com.tr\\\/magaza\\\/urun\\\/plc-cpu-200f-sc-20808-20-00\\\/#primaryimage\",\"url\":\"https:\\\/\\\/www.fultek.com.tr\\\/magaza\\\/wp-content\\\/uploads\\\/2019\\\/01\\\/CPU-200F.jpg\",\"contentUrl\":\"https:\\\/\\\/www.fultek.com.tr\\\/magaza\\\/wp-content\\\/uploads\\\/2019\\\/01\\\/CPU-200F.jpg\",\"width\":1200,\"height\":1200},{\"@type\":\"BreadcrumbList\",\"@id\":\"https:\\\/\\\/www.fultek.com.tr\\\/magaza\\\/urun\\\/plc-cpu-200f-sc-20808-20-00\\\/#breadcrumb\",\"itemListElement\":[{\"@type\":\"ListItem\",\"position\":1,\"name\":\"Ana sayfa\",\"item\":\"https:\\\/\\\/www.fultek.com.tr\\\/magaza\\\/\"},{\"@type\":\"ListItem\",\"position\":2,\"name\":\"Sanal Ma\u011faza\",\"item\":\"https:\\\/\\\/www.fultek.com.tr\\\/magaza\\\/\"},{\"@type\":\"ListItem\",\"position\":3,\"name\":\"PLC CPU 200F (SC-20808-20-00)\"}]},{\"@type\":\"WebSite\",\"@id\":\"https:\\\/\\\/www.fultek.com.tr\\\/magaza\\\/#website\",\"url\":\"https:\\\/\\\/www.fultek.com.tr\\\/magaza\\\/\",\"name\":\"FULTEK Market\",\"description\":\"Yerli SCADA PLC &Uuml;r&uuml;nleri\",\"potentialAction\":[{\"@type\":\"SearchAction\",\"target\":{\"@type\":\"EntryPoint\",\"urlTemplate\":\"https:\\\/\\\/www.fultek.com.tr\\\/magaza\\\/?s={search_term_string}\"},\"query-input\":{\"@type\":\"PropertyValueSpecification\",\"valueRequired\":true,\"valueName\":\"search_term_string\"}}],\"inLanguage\":\"tr\"}]}<\/script>\n<!-- \/ Yoast SEO plugin. -->","yoast_head_json":{"title":"PLC CPU 200F (SC-20808-20-00) - FULTEK Market","robots":{"index":"index","follow":"follow","max-snippet":"max-snippet:-1","max-image-preview":"max-image-preview:large","max-video-preview":"max-video-preview:-1"},"canonical":"https:\/\/www.fultek.com.tr\/magaza\/urun\/plc-cpu-200f-sc-20808-20-00\/","og_locale":"tr_TR","og_type":"article","og_title":"PLC CPU 200F (SC-20808-20-00) - FULTEK Market","og_description":"Fulmatic 7- G\u00fcm\u00fc\u015f Serisi PLC CPU 200F (SC-20808-20-00)","og_url":"https:\/\/www.fultek.com.tr\/magaza\/urun\/plc-cpu-200f-sc-20808-20-00\/","og_site_name":"FULTEK Market","article_modified_time":"2024-04-30T13:54:29+00:00","og_image":[{"width":1200,"height":1200,"url":"https:\/\/www.fultek.com.tr\/magaza\/wp-content\/uploads\/2019\/01\/CPU-200F.jpg","type":"image\/jpeg"}],"twitter_card":"summary_large_image","twitter_misc":{"Tahmini okuma s\u00fcresi":"2 dakika"},"schema":{"@context":"https:\/\/schema.org","@graph":[{"@type":"WebPage","@id":"https:\/\/www.fultek.com.tr\/magaza\/urun\/plc-cpu-200f-sc-20808-20-00\/","url":"https:\/\/www.fultek.com.tr\/magaza\/urun\/plc-cpu-200f-sc-20808-20-00\/","name":"PLC CPU 200F (SC-20808-20-00) - FULTEK Market","isPartOf":{"@id":"https:\/\/www.fultek.com.tr\/magaza\/#website"},"primaryImageOfPage":{"@id":"https:\/\/www.fultek.com.tr\/magaza\/urun\/plc-cpu-200f-sc-20808-20-00\/#primaryimage"},"image":{"@id":"https:\/\/www.fultek.com.tr\/magaza\/urun\/plc-cpu-200f-sc-20808-20-00\/#primaryimage"},"thumbnailUrl":"https:\/\/www.fultek.com.tr\/magaza\/wp-content\/uploads\/2019\/01\/CPU-200F.jpg","datePublished":"2019-01-09T09:14:49+00:00","dateModified":"2024-04-30T13:54:29+00:00","breadcrumb":{"@id":"https:\/\/www.fultek.com.tr\/magaza\/urun\/plc-cpu-200f-sc-20808-20-00\/#breadcrumb"},"inLanguage":"tr","potentialAction":[{"@type":"ReadAction","target":["https:\/\/www.fultek.com.tr\/magaza\/urun\/plc-cpu-200f-sc-20808-20-00\/"]}]},{"@type":"ImageObject","inLanguage":"tr","@id":"https:\/\/www.fultek.com.tr\/magaza\/urun\/plc-cpu-200f-sc-20808-20-00\/#primaryimage","url":"https:\/\/www.fultek.com.tr\/magaza\/wp-content\/uploads\/2019\/01\/CPU-200F.jpg","contentUrl":"https:\/\/www.fultek.com.tr\/magaza\/wp-content\/uploads\/2019\/01\/CPU-200F.jpg","width":1200,"height":1200},{"@type":"BreadcrumbList","@id":"https:\/\/www.fultek.com.tr\/magaza\/urun\/plc-cpu-200f-sc-20808-20-00\/#breadcrumb","itemListElement":[{"@type":"ListItem","position":1,"name":"Ana sayfa","item":"https:\/\/www.fultek.com.tr\/magaza\/"},{"@type":"ListItem","position":2,"name":"Sanal Ma\u011faza","item":"https:\/\/www.fultek.com.tr\/magaza\/"},{"@type":"ListItem","position":3,"name":"PLC CPU 200F (SC-20808-20-00)"}]},{"@type":"WebSite","@id":"https:\/\/www.fultek.com.tr\/magaza\/#website","url":"https:\/\/www.fultek.com.tr\/magaza\/","name":"FULTEK Market","description":"Yerli SCADA PLC &Uuml;r&uuml;nleri","potentialAction":[{"@type":"SearchAction","target":{"@type":"EntryPoint","urlTemplate":"https:\/\/www.fultek.com.tr\/magaza\/?s={search_term_string}"},"query-input":{"@type":"PropertyValueSpecification","valueRequired":true,"valueName":"search_term_string"}}],"inLanguage":"tr"}]}},"_links":{"self":[{"href":"https:\/\/www.fultek.com.tr\/magaza\/wp-json\/wp\/v2\/product\/310","targetHints":{"allow":["GET"]}}],"collection":[{"href":"https:\/\/www.fultek.com.tr\/magaza\/wp-json\/wp\/v2\/product"}],"about":[{"href":"https:\/\/www.fultek.com.tr\/magaza\/wp-json\/wp\/v2\/types\/product"}],"replies":[{"embeddable":true,"href":"https:\/\/www.fultek.com.tr\/magaza\/wp-json\/wp\/v2\/comments?post=310"}],"wp:featuredmedia":[{"embeddable":true,"href":"https:\/\/www.fultek.com.tr\/magaza\/wp-json\/wp\/v2\/media\/602"}],"wp:attachment":[{"href":"https:\/\/www.fultek.com.tr\/magaza\/wp-json\/wp\/v2\/media?parent=310"}],"wp:term":[{"taxonomy":"product_brand","embeddable":true,"href":"https:\/\/www.fultek.com.tr\/magaza\/wp-json\/wp\/v2\/product_brand?post=310"},{"taxonomy":"product_cat","embeddable":true,"href":"https:\/\/www.fultek.com.tr\/magaza\/wp-json\/wp\/v2\/product_cat?post=310"},{"taxonomy":"product_tag","embeddable":true,"href":"https:\/\/www.fultek.com.tr\/magaza\/wp-json\/wp\/v2\/product_tag?post=310"}],"curies":[{"name":"wp","href":"https:\/\/api.w.org\/{rel}","templated":true}]}}